base 2?
111
Convert -2211 (base 3) to base 10.
-76
1 (base 3) to base 12
1
What is -33 (base 6) in base 2?
-10101
1034 (base 5) to base 11
121
-1 (base 15) to base 12
-1
What is f (base 16) in base 10?
15
1112 (base 6) to base 13
170
Convert -15 (base 12) to base 11.
-16
-11 (base 4) to base 10
-5
-19 (base 11) to base 4
-110
Convert -8 (base 12) to base 15.
-8
What is -4 (base 7) in base 14?
-4
-2 (base 15) to base 12
-2
Convert -d5 (base 16) to base 10.
-213
What is 14 (base 6) in base 4?
22
-96 (base 14) to base 15
-8c
121 (base 10) to base 9
144
Convert -4 (base 15) to base 10.
-4
What is 57 (base 10) in base 14?
41
Convert 57 (base 10) to base 5.
212
Convert -140 (base 8) to base 16.
-60
What is -16 (base 11) in base 13?
-14
Convert -a (base 14) to base 5.
-20
Convert 7 (base 14) to base 12.
7
-3c (base 14) to base 2
-110110
What is -17 (base 16) in base 13?
-1a
What is -112 (base 5) in base 10?
-32
Convert -10 (base 12) to base 8.
-14
4 (base 6) to base 2
100
Convert -7 (base 12) to base 5.
-12
Convert 10 (base 8) to base 11.
8
Convert -4 (base 12) to base 8.
-4
Convert 224 (base 6) to base 12.
74
Convert -5 (base 14) to base 13.
-5
-3 (base 9) to base 12
-3
-5 (base 10) to base 14
-5
4 (base 7) to base 14
4
What is -11101 (base 2) in base 16?
-1d
What is 150 (base 8) in base 9?
125
What is -1 (base 6) in base 9?
-1
Convert -1 (base 6) to base 3.
-1
10 (base 12) to base 15
c
4 (base 9) to base 13
4
What is -5 (base 10) in base 3?
-12
Convert -49 (base 13) to base 11.
-56
1 (base 7) to base 6
1
Convert 42 (base 6) to base 4.
122
What is -5 (base 10) in base 9?
-5
Convert -32 (base 13) to base 11.
-38
Convert -541 (base 6) to base 5.
-1310
2 (base 8) to base 4
2
Convert 15 (base 11) to base 10.
16
What is -28 (base 9) in base 2?
-11010
What is -26 (base 8) in base 16?
-16
What is -103 (base 9) in base 7?
-150
-29 (base 10) to base 13
-23
50 (base 7) to base 5
120
-10 (base 2) to base 16
-2
-8 (base 12) to base 13
-8
What is -1 (base 5) in base 15?
-1
What is -51 (base 11) in base 8?
-70
4 (base 13) to base 2
100
Convert -11 (base 8) to base 15.
-9
-1 (base 16) to base 8
-1
99 (base 14) to base 5
1020
What is -1 (base 6) in base 3?
-1
62 (base 10) to base 12
52
What is -4 (base 6) in base 12?
-4
5 (base 8) to base 7
5
24 (base 5) to base 13
11
Convert 10 (base 6) to base 13.
6
Convert 0 (base 8) to base 12.
0
87 (base 11) to base 6
235
-71 (base 11) to base 7
-141
Convert b (base 14) to base 16.
b
-43 (base 13) to base 6
-131
Convert 357 (base 10) to base 2.
101100101
-11 (base 5) to base 2
-110
80 (base 15) to base 16
78
Convert 222 (base 4) to base 15.
2c
-56 (base 12) to base 13
-51
-13 (base 8) to base 7
-14
What is -4 (base 16) in base 5?
-4
What is 12 (base 16) in base 12?
16
10 (base 5) to base 13
5
Convert 21 (base 9) to base 4.
103
Convert -3002 (base 4) to base 8.
-302
What is 100020 (base 3) in base 16?
f9
Convert 60 (base 13) to base 8.
116
What is -28 (base 9) in base 4?
-122
What is -100 (base 2) in base 9?
-4
Convert 1010 (base 2) to base 16.
a
What is -10 (base 7) in base 5?
-12
Convert -8 (base 12) to base 11.
-8
110 (base 2) to base 4
12
-3 (base 13) to base 10
-3
-35 (base 8) to base 2
-11101
What is -1 (base 4) in base 5?
-1
Convert 1 (base 5) to base 3.
1
What is 0 (base 16) in base 12?
0
What is 11 (base 15) in base 2?
10000
What is -10 (base 14) in base 3?
-112
Convert 1 (base 13) to base 11.
1
138 (base 9) to base 11
a6
Convert -4 (base 12) to base 15.
-4
What is -6 (base 14) in base 10?
-6
What is -225 (base 11) in base 8?
-415
-56 (base 15) to base 3
-10000
What is -3 (base 8) in base 14?
-3
-3a (base 13) to base 8
-61
What is 0 (base 12) in base 2?
0
Convert 15 (base 6) to base 12.
b
-4 (base 9) to base 16
-4
-20 (base 4) to base 9
-8
Convert -3 (base 8) to base 16.
-3
What is -4 (base 15) in base 5?
-4
What is -23 (base 11) in base 7?
-34
What is -16 (base 8) in base 2?
-1110
-35 (base 9) to base 15
-22
110 (base 4) to base 12
18
-13 (base 11) to base 8
-16
-82 (base 13) to base 4
-1222
Convert -2312 (base 4) to base 14.
-d0
Convert 44 (base 9) to base 3.
1111
-21112 (base 3) to base 5
-1303
-12 (base 3) to base 15
-5
-15 (base 11) to base 12
-14
What is -22 (base 13) in base 5?
-103
What is 3010 (base 4) in base 7?
400
What is 35 (base 14) in base 11?
43
What is -1000 (base 2) in base 16?
-8
What is -40 (base 11) in base 4?
-230
What is 154 (base 9) in base 10?
130
-c (base 15) to base 10
-12
What is -23 (base 4) in base 7?
-14
1011 (base 2) to base 6
15
What is -311 (base 4) in base 7?
-104
Convert 436 (base 9) to base 12.
259
Convert 300 (base 9) to base 6.
1043
What is -94 (base 10) in base 8?
-136
236 (base 7) to base 6
325
What is -139 (base 11) in base 12?
-117
Convert -4 (base 16) to base 7.
-4
Convert -1b1 (base 13) to base 6.
-1241
Convert 2 (base 7) to base 5.
2
What is -17 (base 10) in base 12?
-15
What is -1 (base 16) in base 12?
-1
Convert 3 (base 4) to base 14.
3
Convert 0 (base 15) to base 9.
0
Convert 135 (base 10) to base 2.
10000111
What is -1 (base 4) in base 10?
-1
Convert -6 (base 14) to base 11.
-6
-11 (base 2) to base 14
-3
-1010 (base 3) to base 14
-22
0 (base 12) to base 7
0
Convert -23 (base 12) to base 3.
-1000
What is -1 (base 15) in base 3?
-1
What is 0 (base 16) in base 14?
0
What is -50 (base 10) in base 15?
-35
What is 111 (base 7) in base 9?
63
Convert 2 (base 8) to base 9.
2
What is -25 (base 12) in base 4?
-131
What is 1023 (base 4) in base 12?
63
Convert 12 (base 11) to base 10.
13
-23 (base 4) to base 8
-13
What is cb (base 15) in base 12?
13b
-100000 (base 2) to base 14
-24
Convert 7 (base 15) to base 16.
7
What is 20 (base 15) in base 4?
132
What is -7 (base 11) in base 4?
-13
What is 271 (base 8) in base 12?
135
Convert 1 (base 9) to base 11.
1
What is 4 (base 7) in base 12?
4
Convert -24 (base 5) to base 16.
-e
What is 0 (base 11) in base 16?
0
Convert 195 (base 10) to base 7.
366
18 (base 12) to base 7
26
What is 33 (base 11) in base 4?
210
-3 (base 9) to base 14
-3
210 (base 4) to base 2
100100
1 (base 13) to base 3
1
What is -22 (base 15) in base 5?
-112
What is 22 (base 5) in base 16?
c
Convert 11 (base 2) to base 4.
3
What is 14 (base 11) in base 12?
13
-2 (base 14) to base 7
-2
Convert 1 (base 7) to base 13.
1
122 (base 4) to base 7
35
What is -28 (base 10) in base 7?
-40
-13 (base 11) to base 12
-12
Convert -22 (base 7) to base 15.
-11
What is -17 (base 14) in base 9?
-23
Convert -6 (base 16) to base 6.
-10
What is -182 (base 9) in base 12?
-10b
Convert -6 (base 12) to base 10.
-6
What is 1 (base 7) in base 13?
1
-14 (base 5) to base 6
-13
Convert 134 (base 7) to base 5.
244
What is -4 (base 7) in base 14?
-4
What is -10 (base 4) in base 2?
-100
What is -1 (base 13) in base 15?
-1
What is 11 (base 2) in base 12?
3
What is -14 (base 5) in base 16?
-9
What is -12 (base 13) in base 2?
-1111
-42 (base 16) to base 10
-66
Convert 1000100 (base 2) to base 14.
4c
Convert 145 (base 6) to base 12.
55
5 (base 7) to base 5
10
-100 (base 3) to base 6
-13
-2 (base 14) to base 5
-2
Convert -2b (base 12) to base 4.
-203
What is 1 (base 2) in base 14?
1
-36 (base 9) to base 8
-41
Convert -100 (base 2) to base 16.
-4
What is -1 (base 14) in base 15?
-1
-6 (base 14) to base 8
-6
Convert -200 (base 3) to base 8.
-22
What is -4 (base 11) in base 5?
-4
Convert -1c (base 15) to base 11.
-25
What is -4 (base 9) in base 4?
-10
Convert 9 (base 13) to base 8.
11
What is 77 (base 8) in base 13?
4b
Convert 275 (base 8) to base 13.
117
What is 20 (base 3) in base 11?
6
What is 10220 (base 4) in base 15?
14b
What is -97 (base 16) in base 7?
-304
-45 (base 14) to base 6
-141
What is -101 (base 2) in base 5?
-10
110010 (base 2) to base 15
35
What is 100101 (base 2) in base 11?
34
Convert 56 (base 8) to base 16.
2e
What is -118 (base 12) in base 3?
-20002
What is -6 (base 14) in base 4?
-12
Convert -1b1 (base 12) to base 14.
-15b
Convert -6 (base 12) to base 9.
-6
What is 11 (base 2) in base 6?
3
Convert 4 (base 5) to base 11.
4
Convert -10 (base 13) to base 8.
-15
-4 (base 5) to base 3
-11
-195 (base 11) to base 2
-11100001
Convert d (base 14) to base 10.
13
-27 (base 9) to base 14
-1b
Convert -4 (base 6) to base 10.
-4
Convert -3 (base 5) to base 15.
-3
-10 (base 2) to base 16
-2
What is 115